{"id":84,"date":"2023-04-23T11:38:08","date_gmt":"2023-04-23T11:38:08","guid":{"rendered":"https:\/\/artnow.pwsztar.edu.pl\/?page_id=84"},"modified":"2024-07-04T09:01:56","modified_gmt":"2024-07-04T09:01:56","slug":"zarzad-kola","status":"publish","type":"page","link":"https:\/\/artnow.pwsztar.edu.pl\/index.php\/zarzad-kola\/","title":{"rendered":"Zarz\u0105d ko\u0142a"},"content":{"rendered":"<p>Opiekun naukowy ko\u0142a:<br \/>\n<strong>\u00a0 \u00a0 \u00a0 \u00a0 \u00a0 \u00a0 \u00a0 \u00a0 \u00a0 \u00a0 \u00a0 \u00a0 \u00a0 \u00a0 \u00a0 \u00a0 \u00a0 \u00a0 \u00a0 \u00a0 \u00a0 \u00a0 \u00a0 \u00a0 \u00a0 \u00a0 \u00a0 \u00a0 mgr Stanis\u0142aw Chmiel<\/strong><\/p>\n<table>\n<tbody>\n<tr>\n<td width=\"309\">Przewodnicz\u0105cy:<\/td>\n<td width=\"530\">Sebastian Rajs<\/td>\n<\/tr>\n<tr>\n<td width=\"309\">Z-ca przew. :<\/td>\n<td width=\"530\">Wiktoria Bednarz<\/td>\n<\/tr>\n<tr>\n<td width=\"309\">Koordynator PR:<\/td>\n<td width=\"530\">Ewa Serafi\u0144ska<\/td>\n<\/tr>\n<tr>\n<td width=\"309\">Sekretarz:<\/td>\n<td width=\"530\">Julia Skoczy\u0144ska<\/td>\n<\/tr>\n<tr>\n<td width=\"309\">Skarbnik:<\/td>\n<td width=\"530\">Kinga Mazur<\/td>\n<\/tr>\n<\/tbody>\n<\/table>\n<p>W kwestii informacji zamieszczanych na stronie internetowej i social mediach prosimy o kontakt z koordynatorem PR.<\/p>\n","protected":false},"excerpt":{"rendered":"<p>Opiekun naukowy ko\u0142a: \u00a0 \u00a0 \u00a0 \u00a0 \u00a0 \u00a0 \u00a0 \u00a0 \u00a0 \u00a0 \u00a0 \u00a0 \u00a0 \u00a0 \u00a0 \u00a0 \u00a0 \u00a0 \u00a0 \u00a0 \u00a0 \u00a0 \u00a0 \u00a0 \u00a0 \u00a0 \u00a0 \u00a0 mgr Stanis\u0142aw Chmiel Przewodnicz\u0105cy: Sebastian Rajs Z-ca przew. : Wiktoria Bednarz Koordynator PR: Ewa Serafi\u0144ska Sekretarz: Julia Skoczy\u0144ska Skarbnik: Kinga Mazur W kwestii informacji &hellip; <\/p>\n<p class=\"link-more\"><a href=\"https:\/\/artnow.pwsztar.edu.pl\/index.php\/zarzad-kola\/\" class=\"more-link\">Czytaj dalej<span class=\"screen-reader-text\"> \u201eZarz\u0105d ko\u0142a\u201d<\/span><\/a><\/p>\n","protected":false},"author":3,"featured_media":0,"parent":0,"menu_order":0,"comment_status":"closed","ping_status":"closed","template":"","meta":[],"_links":{"self":[{"href":"https:\/\/artnow.pwsztar.edu.pl\/index.php\/wp-json\/wp\/v2\/pages\/84"}],"collection":[{"href":"https:\/\/artnow.pwsztar.edu.pl\/index.php\/wp-json\/wp\/v2\/pages"}],"about":[{"href":"https:\/\/artnow.pwsztar.edu.pl\/index.php\/wp-json\/wp\/v2\/types\/page"}],"author":[{"embeddable":true,"href":"https:\/\/artnow.pwsztar.edu.pl\/index.php\/wp-json\/wp\/v2\/users\/3"}],"replies":[{"embeddable":true,"href":"https:\/\/artnow.pwsztar.edu.pl\/index.php\/wp-json\/wp\/v2\/comments?post=84"}],"version-history":[{"count":6,"href":"https:\/\/artnow.pwsztar.edu.pl\/index.php\/wp-json\/wp\/v2\/pages\/84\/revisions"}],"predecessor-version":[{"id":93,"href":"https:\/\/artnow.pwsztar.edu.pl\/index.php\/wp-json\/wp\/v2\/pages\/84\/revisions\/93"}],"wp:attachment":[{"href":"https:\/\/artnow.pwsztar.edu.pl\/index.php\/wp-json\/wp\/v2\/media?parent=84"}],"curies":[{"name":"wp","href":"https:\/\/api.w.org\/{rel}","templated":true}]}}