{"id":16,"date":"2017-02-20T19:30:30","date_gmt":"2017-02-20T19:30:30","guid":{"rendered":"http:\/\/artnow.pwsztar.edu.pl\/?page_id=16"},"modified":"2023-04-23T11:50:41","modified_gmt":"2023-04-23T11:50:41","slug":"strona-glowna","status":"publish","type":"page","link":"https:\/\/artnow.pwsztar.edu.pl\/","title":{"rendered":"Strona g\u0142\u00f3wna"},"content":{"rendered":"<p>Witamy na stronie Studenckiego Ko\u0142a Naukowego <strong>ARTN\u00d3W<\/strong>!<\/p>\n","protected":false},"excerpt":{"rendered":"<p>Witamy na stronie Studenckiego Ko\u0142a Naukowego ARTN\u00d3W!<\/p>\n","protected":false},"author":1,"featured_media":0,"parent":0,"menu_order":0,"comment_status":"closed","ping_status":"closed","template":"","meta":[],"_links":{"self":[{"href":"https:\/\/artnow.pwsztar.edu.pl\/index.php\/wp-json\/wp\/v2\/pages\/16"}],"collection":[{"href":"https:\/\/artnow.pwsztar.edu.pl\/index.php\/wp-json\/wp\/v2\/pages"}],"about":[{"href":"https:\/\/artnow.pwsztar.edu.pl\/index.php\/wp-json\/wp\/v2\/types\/page"}],"author":[{"embeddable":true,"href":"https:\/\/artnow.pwsztar.edu.pl\/index.php\/wp-json\/wp\/v2\/users\/1"}],"replies":[{"embeddable":true,"href":"https:\/\/artnow.pwsztar.edu.pl\/index.php\/wp-json\/wp\/v2\/comments?post=16"}],"version-history":[{"count":3,"href":"https:\/\/artnow.pwsztar.edu.pl\/index.php\/wp-json\/wp\/v2\/pages\/16\/revisions"}],"predecessor-version":[{"id":97,"href":"https:\/\/artnow.pwsztar.edu.pl\/index.php\/wp-json\/wp\/v2\/pages\/16\/revisions\/97"}],"wp:attachment":[{"href":"https:\/\/artnow.pwsztar.edu.pl\/index.php\/wp-json\/wp\/v2\/media?parent=16"}],"curies":[{"name":"wp","href":"https:\/\/api.w.org\/{rel}","templated":true}]}}