{"id":116,"date":"2023-04-23T12:13:31","date_gmt":"2023-04-23T12:13:31","guid":{"rendered":"https:\/\/artnow.pwsztar.edu.pl\/?page_id=116"},"modified":"2023-04-26T10:07:24","modified_gmt":"2023-04-26T10:07:24","slug":"warsztaty-dawnych-technik-obrobki-drewna","status":"publish","type":"page","link":"https:\/\/artnow.pwsztar.edu.pl\/index.php\/warsztaty-dawnych-technik-obrobki-drewna\/","title":{"rendered":"Warsztaty dawnych technik obr\u00f3bki drewna (Bolestraszyce 2022)"},"content":{"rendered":"<p><strong>Warsztaty dawnych technik obr\u00f3bki drewna &#8211; Arboretum i Zak\u0142ad Fizjografii w Bolestraszycach<br \/>\n<\/strong><em>24-26 czerwca 2022<\/em><\/p>\n<p>Wykonanie przedmiot\u00f3w u\u017cytkowych; rozwijanie umiej\u0119tno\u015bci manualnych w pos\u0142ugiwaniu si\u0119 narz\u0119dziami do obr\u00f3bki r\u0119cznej drewna.<\/p>\n<p>W czasie 3-dniowych warsztat\u00f3w mieli\u015bmy okazj\u0119 pozna\u0107 najr\u00f3\u017cniejsze narz\u0119dzia do obr\u00f3bki drewna. W\u0142asnor\u0119cznie wykonali\u015bmy zar\u00f3wno obiekty ma\u0142ej architektury typu siedzisko, jak i obiekty u\u017cytkowe &#8211; drewniane \u0142y\u017cki, widelce itd. Po\u0107wiczyli\u015bmy r\u00f3wnie\u017c wykonywanie detali i wzor\u00f3w. W czasie pobytu w Bolestraszycach wzi\u0119li\u015bmy udzia\u0142 w obchodach Nocy \u015awi\u0119toja\u0144skiej oraz w wernisa\u017cu wystawy malarstwa.<\/p>\n<p>&nbsp;<\/p>\n<div id='gallery-1' class='gallery galleryid-116 gallery-columns-3 gallery-size-thumbnail'><figure class='gallery-item'>\n\t\t\t<div class='gallery-icon landscape'>\n\t\t\t\t<a href='https:\/\/artnow.pwsztar.edu.pl\/index.php\/warsztaty-dawnych-technik-obrobki-drewna\/img_0748-2\/'><img width=\"150\" height=\"150\" src=\"https:\/\/artnow.pwsztar.edu.pl\/wp-content\/uploads\/2023\/04\/IMG_0748-1-150x150.jpg\" class=\"attachment-thumbnail size-thumbnail\" alt=\"\" decoding=\"async\" loading=\"lazy\" srcset=\"https:\/\/artnow.pwsztar.edu.pl\/wp-content\/uploads\/2023\/04\/IMG_0748-1-150x150.jpg 150w, https:\/\/artnow.pwsztar.edu.pl\/wp-content\/uploads\/2023\/04\/IMG_0748-1-100x100.jpg 100w\" sizes=\"100vw\" \/><\/a>\n\t\t\t<\/div><\/figure><figure class='gallery-item'>\n\t\t\t<div class='gallery-icon portrait'>\n\t\t\t\t<a href='https:\/\/artnow.pwsztar.edu.pl\/index.php\/warsztaty-dawnych-technik-obrobki-drewna\/img_0520\/'><img width=\"150\" height=\"150\" src=\"https:\/\/artnow.pwsztar.edu.pl\/wp-content\/uploads\/2023\/04\/IMG_0520-150x150.jpg\" class=\"attachment-thumbnail size-thumbnail\" alt=\"\" decoding=\"async\" loading=\"lazy\" srcset=\"https:\/\/artnow.pwsztar.edu.pl\/wp-content\/uploads\/2023\/04\/IMG_0520-150x150.jpg 150w, https:\/\/artnow.pwsztar.edu.pl\/wp-content\/uploads\/2023\/04\/IMG_0520-100x100.jpg 100w\" sizes=\"100vw\" \/><\/a>\n\t\t\t<\/div><\/figure><figure class='gallery-item'>\n\t\t\t<div class='gallery-icon portrait'>\n\t\t\t\t<a href='https:\/\/artnow.pwsztar.edu.pl\/index.php\/warsztaty-dawnych-technik-obrobki-drewna\/img_0533\/'><img width=\"150\" height=\"150\" src=\"https:\/\/artnow.pwsztar.edu.pl\/wp-content\/uploads\/2023\/04\/IMG_0533-150x150.jpg\" class=\"attachment-thumbnail size-thumbnail\" alt=\"\" decoding=\"async\" loading=\"lazy\" srcset=\"https:\/\/artnow.pwsztar.edu.pl\/wp-content\/uploads\/2023\/04\/IMG_0533-150x150.jpg 150w, https:\/\/artnow.pwsztar.edu.pl\/wp-content\/uploads\/2023\/04\/IMG_0533-100x100.jpg 100w\" sizes=\"100vw\" \/><\/a>\n\t\t\t<\/div><\/figure><figure class='gallery-item'>\n\t\t\t<div class='gallery-icon landscape'>\n\t\t\t\t<a href='https:\/\/artnow.pwsztar.edu.pl\/index.php\/warsztaty-dawnych-technik-obrobki-drewna\/img_0734\/'><img width=\"150\" height=\"150\" src=\"https:\/\/artnow.pwsztar.edu.pl\/wp-content\/uploads\/2023\/04\/IMG_0734-150x150.jpg\" class=\"attachment-thumbnail size-thumbnail\" alt=\"\" decoding=\"async\" loading=\"lazy\" srcset=\"https:\/\/artnow.pwsztar.edu.pl\/wp-content\/uploads\/2023\/04\/IMG_0734-150x150.jpg 150w, https:\/\/artnow.pwsztar.edu.pl\/wp-content\/uploads\/2023\/04\/IMG_0734-100x100.jpg 100w\" sizes=\"100vw\" \/><\/a>\n\t\t\t<\/div><\/figure><figure class='gallery-item'>\n\t\t\t<div class='gallery-icon portrait'>\n\t\t\t\t<a href='https:\/\/artnow.pwsztar.edu.pl\/index.php\/warsztaty-dawnych-technik-obrobki-drewna\/img_0535\/'><img width=\"150\" height=\"150\" src=\"https:\/\/artnow.pwsztar.edu.pl\/wp-content\/uploads\/2023\/04\/IMG_0535-150x150.jpg\" class=\"attachment-thumbnail size-thumbnail\" alt=\"\" decoding=\"async\" loading=\"lazy\" srcset=\"https:\/\/artnow.pwsztar.edu.pl\/wp-content\/uploads\/2023\/04\/IMG_0535-150x150.jpg 150w, https:\/\/artnow.pwsztar.edu.pl\/wp-content\/uploads\/2023\/04\/IMG_0535-100x100.jpg 100w\" sizes=\"100vw\" \/><\/a>\n\t\t\t<\/div><\/figure><figure class='gallery-item'>\n\t\t\t<div class='gallery-icon portrait'>\n\t\t\t\t<a href='https:\/\/artnow.pwsztar.edu.pl\/index.php\/warsztaty-dawnych-technik-obrobki-drewna\/img_0725\/'><img width=\"150\" height=\"150\" src=\"https:\/\/artnow.pwsztar.edu.pl\/wp-content\/uploads\/2023\/04\/IMG_0725-150x150.jpg\" class=\"attachment-thumbnail size-thumbnail\" alt=\"\" decoding=\"async\" loading=\"lazy\" srcset=\"https:\/\/artnow.pwsztar.edu.pl\/wp-content\/uploads\/2023\/04\/IMG_0725-150x150.jpg 150w, https:\/\/artnow.pwsztar.edu.pl\/wp-content\/uploads\/2023\/04\/IMG_0725-100x100.jpg 100w\" sizes=\"100vw\" \/><\/a>\n\t\t\t<\/div><\/figure><figure class='gallery-item'>\n\t\t\t<div class='gallery-icon landscape'>\n\t\t\t\t<a href='https:\/\/artnow.pwsztar.edu.pl\/index.php\/warsztaty-dawnych-technik-obrobki-drewna\/img_0726\/'><img width=\"150\" height=\"150\" src=\"https:\/\/artnow.pwsztar.edu.pl\/wp-content\/uploads\/2023\/04\/IMG_0726-150x150.jpg\" class=\"attachment-thumbnail size-thumbnail\" alt=\"\" decoding=\"async\" loading=\"lazy\" srcset=\"https:\/\/artnow.pwsztar.edu.pl\/wp-content\/uploads\/2023\/04\/IMG_0726-150x150.jpg 150w, https:\/\/artnow.pwsztar.edu.pl\/wp-content\/uploads\/2023\/04\/IMG_0726-100x100.jpg 100w\" sizes=\"100vw\" \/><\/a>\n\t\t\t<\/div><\/figure><figure class='gallery-item'>\n\t\t\t<div class='gallery-icon landscape'>\n\t\t\t\t<a href='https:\/\/artnow.pwsztar.edu.pl\/index.php\/warsztaty-dawnych-technik-obrobki-drewna\/img_0727\/'><img width=\"150\" height=\"150\" src=\"https:\/\/artnow.pwsztar.edu.pl\/wp-content\/uploads\/2023\/04\/IMG_0727-150x150.jpg\" class=\"attachment-thumbnail size-thumbnail\" alt=\"\" decoding=\"async\" loading=\"lazy\" srcset=\"https:\/\/artnow.pwsztar.edu.pl\/wp-content\/uploads\/2023\/04\/IMG_0727-150x150.jpg 150w, https:\/\/artnow.pwsztar.edu.pl\/wp-content\/uploads\/2023\/04\/IMG_0727-100x100.jpg 100w\" sizes=\"100vw\" \/><\/a>\n\t\t\t<\/div><\/figure><figure class='gallery-item'>\n\t\t\t<div class='gallery-icon landscape'>\n\t\t\t\t<a href='https:\/\/artnow.pwsztar.edu.pl\/index.php\/warsztaty-dawnych-technik-obrobki-drewna\/img_0737\/'><img width=\"150\" height=\"150\" src=\"https:\/\/artnow.pwsztar.edu.pl\/wp-content\/uploads\/2023\/04\/IMG_0737-150x150.jpg\" class=\"attachment-thumbnail size-thumbnail\" alt=\"\" decoding=\"async\" loading=\"lazy\" srcset=\"https:\/\/artnow.pwsztar.edu.pl\/wp-content\/uploads\/2023\/04\/IMG_0737-150x150.jpg 150w, https:\/\/artnow.pwsztar.edu.pl\/wp-content\/uploads\/2023\/04\/IMG_0737-100x100.jpg 100w\" sizes=\"100vw\" \/><\/a>\n\t\t\t<\/div><\/figure><figure class='gallery-item'>\n\t\t\t<div class='gallery-icon portrait'>\n\t\t\t\t<a href='https:\/\/artnow.pwsztar.edu.pl\/index.php\/warsztaty-dawnych-technik-obrobki-drewna\/img_0740\/'><img width=\"150\" height=\"150\" src=\"https:\/\/artnow.pwsztar.edu.pl\/wp-content\/uploads\/2023\/04\/IMG_0740-150x150.jpg\" class=\"attachment-thumbnail size-thumbnail\" alt=\"\" decoding=\"async\" loading=\"lazy\" srcset=\"https:\/\/artnow.pwsztar.edu.pl\/wp-content\/uploads\/2023\/04\/IMG_0740-150x150.jpg 150w, https:\/\/artnow.pwsztar.edu.pl\/wp-content\/uploads\/2023\/04\/IMG_0740-100x100.jpg 100w\" sizes=\"100vw\" \/><\/a>\n\t\t\t<\/div><\/figure><figure class='gallery-item'>\n\t\t\t<div class='gallery-icon portrait'>\n\t\t\t\t<a href='https:\/\/artnow.pwsztar.edu.pl\/index.php\/warsztaty-dawnych-technik-obrobki-drewna\/img_0530\/'><img width=\"150\" height=\"150\" src=\"https:\/\/artnow.pwsztar.edu.pl\/wp-content\/uploads\/2023\/04\/IMG_0530-150x150.jpg\" class=\"attachment-thumbnail size-thumbnail\" alt=\"\" decoding=\"async\" loading=\"lazy\" srcset=\"https:\/\/artnow.pwsztar.edu.pl\/wp-content\/uploads\/2023\/04\/IMG_0530-150x150.jpg 150w, https:\/\/artnow.pwsztar.edu.pl\/wp-content\/uploads\/2023\/04\/IMG_0530-100x100.jpg 100w\" sizes=\"100vw\" \/><\/a>\n\t\t\t<\/div><\/figure><figure class='gallery-item'>\n\t\t\t<div class='gallery-icon portrait'>\n\t\t\t\t<a href='https:\/\/artnow.pwsztar.edu.pl\/index.php\/warsztaty-dawnych-technik-obrobki-drewna\/img_0531\/'><img width=\"150\" height=\"150\" src=\"https:\/\/artnow.pwsztar.edu.pl\/wp-content\/uploads\/2023\/04\/IMG_0531-150x150.jpg\" class=\"attachment-thumbnail size-thumbnail\" alt=\"\" decoding=\"async\" loading=\"lazy\" srcset=\"https:\/\/artnow.pwsztar.edu.pl\/wp-content\/uploads\/2023\/04\/IMG_0531-150x150.jpg 150w, https:\/\/artnow.pwsztar.edu.pl\/wp-content\/uploads\/2023\/04\/IMG_0531-100x100.jpg 100w\" sizes=\"100vw\" \/><\/a>\n\t\t\t<\/div><\/figure><figure class='gallery-item'>\n\t\t\t<div class='gallery-icon landscape'>\n\t\t\t\t<a href='https:\/\/artnow.pwsztar.edu.pl\/index.php\/warsztaty-dawnych-technik-obrobki-drewna\/img_0541\/'><img width=\"150\" height=\"150\" src=\"https:\/\/artnow.pwsztar.edu.pl\/wp-content\/uploads\/2023\/04\/IMG_0541-150x150.jpg\" class=\"attachment-thumbnail size-thumbnail\" alt=\"\" decoding=\"async\" loading=\"lazy\" srcset=\"https:\/\/artnow.pwsztar.edu.pl\/wp-content\/uploads\/2023\/04\/IMG_0541-150x150.jpg 150w, https:\/\/artnow.pwsztar.edu.pl\/wp-content\/uploads\/2023\/04\/IMG_0541-100x100.jpg 100w\" sizes=\"100vw\" \/><\/a>\n\t\t\t<\/div><\/figure><figure class='gallery-item'>\n\t\t\t<div class='gallery-icon portrait'>\n\t\t\t\t<a href='https:\/\/artnow.pwsztar.edu.pl\/index.php\/warsztaty-dawnych-technik-obrobki-drewna\/img_0542\/'><img width=\"150\" height=\"150\" src=\"https:\/\/artnow.pwsztar.edu.pl\/wp-content\/uploads\/2023\/04\/IMG_0542-150x150.jpg\" class=\"attachment-thumbnail size-thumbnail\" alt=\"\" decoding=\"async\" loading=\"lazy\" srcset=\"https:\/\/artnow.pwsztar.edu.pl\/wp-content\/uploads\/2023\/04\/IMG_0542-150x150.jpg 150w, https:\/\/artnow.pwsztar.edu.pl\/wp-content\/uploads\/2023\/04\/IMG_0542-100x100.jpg 100w\" sizes=\"100vw\" \/><\/a>\n\t\t\t<\/div><\/figure><figure class='gallery-item'>\n\t\t\t<div class='gallery-icon portrait'>\n\t\t\t\t<a href='https:\/\/artnow.pwsztar.edu.pl\/index.php\/warsztaty-dawnych-technik-obrobki-drewna\/img_0544\/'><img width=\"150\" height=\"150\" src=\"https:\/\/artnow.pwsztar.edu.pl\/wp-content\/uploads\/2023\/04\/IMG_0544-150x150.jpg\" class=\"attachment-thumbnail size-thumbnail\" alt=\"\" decoding=\"async\" loading=\"lazy\" srcset=\"https:\/\/artnow.pwsztar.edu.pl\/wp-content\/uploads\/2023\/04\/IMG_0544-150x150.jpg 150w, https:\/\/artnow.pwsztar.edu.pl\/wp-content\/uploads\/2023\/04\/IMG_0544-100x100.jpg 100w\" sizes=\"100vw\" \/><\/a>\n\t\t\t<\/div><\/figure><figure class='gallery-item'>\n\t\t\t<div class='gallery-icon portrait'>\n\t\t\t\t<a href='https:\/\/artnow.pwsztar.edu.pl\/index.php\/warsztaty-dawnych-technik-obrobki-drewna\/img_0545\/'><img width=\"150\" height=\"150\" src=\"https:\/\/artnow.pwsztar.edu.pl\/wp-content\/uploads\/2023\/04\/IMG_0545-150x150.jpg\" class=\"attachment-thumbnail size-thumbnail\" alt=\"\" decoding=\"async\" loading=\"lazy\" srcset=\"https:\/\/artnow.pwsztar.edu.pl\/wp-content\/uploads\/2023\/04\/IMG_0545-150x150.jpg 150w, https:\/\/artnow.pwsztar.edu.pl\/wp-content\/uploads\/2023\/04\/IMG_0545-100x100.jpg 100w\" sizes=\"100vw\" \/><\/a>\n\t\t\t<\/div><\/figure><figure class='gallery-item'>\n\t\t\t<div class='gallery-icon landscape'>\n\t\t\t\t<a href='https:\/\/artnow.pwsztar.edu.pl\/index.php\/warsztaty-dawnych-technik-obrobki-drewna\/img_0729\/'><img width=\"150\" height=\"150\" src=\"https:\/\/artnow.pwsztar.edu.pl\/wp-content\/uploads\/2023\/04\/IMG_0729-150x150.jpg\" class=\"attachment-thumbnail size-thumbnail\" alt=\"\" decoding=\"async\" loading=\"lazy\" srcset=\"https:\/\/artnow.pwsztar.edu.pl\/wp-content\/uploads\/2023\/04\/IMG_0729-150x150.jpg 150w, https:\/\/artnow.pwsztar.edu.pl\/wp-content\/uploads\/2023\/04\/IMG_0729-100x100.jpg 100w\" sizes=\"100vw\" \/><\/a>\n\t\t\t<\/div><\/figure><figure class='gallery-item'>\n\t\t\t<div class='gallery-icon landscape'>\n\t\t\t\t<a href='https:\/\/artnow.pwsztar.edu.pl\/index.php\/warsztaty-dawnych-technik-obrobki-drewna\/img_0613\/'><img width=\"150\" height=\"150\" src=\"https:\/\/artnow.pwsztar.edu.pl\/wp-content\/uploads\/2023\/04\/IMG_0613-150x150.jpg\" class=\"attachment-thumbnail size-thumbnail\" alt=\"\" decoding=\"async\" loading=\"lazy\" srcset=\"https:\/\/artnow.pwsztar.edu.pl\/wp-content\/uploads\/2023\/04\/IMG_0613-150x150.jpg 150w, https:\/\/artnow.pwsztar.edu.pl\/wp-content\/uploads\/2023\/04\/IMG_0613-100x100.jpg 100w\" sizes=\"100vw\" \/><\/a>\n\t\t\t<\/div><\/figure><figure class='gallery-item'>\n\t\t\t<div class='gallery-icon landscape'>\n\t\t\t\t<a href='https:\/\/artnow.pwsztar.edu.pl\/index.php\/warsztaty-dawnych-technik-obrobki-drewna\/img_0615\/'><img width=\"150\" height=\"150\" src=\"https:\/\/artnow.pwsztar.edu.pl\/wp-content\/uploads\/2023\/04\/IMG_0615-150x150.jpg\" class=\"attachment-thumbnail size-thumbnail\" alt=\"\" decoding=\"async\" loading=\"lazy\" srcset=\"https:\/\/artnow.pwsztar.edu.pl\/wp-content\/uploads\/2023\/04\/IMG_0615-150x150.jpg 150w, https:\/\/artnow.pwsztar.edu.pl\/wp-content\/uploads\/2023\/04\/IMG_0615-100x100.jpg 100w\" sizes=\"100vw\" \/><\/a>\n\t\t\t<\/div><\/figure><figure class='gallery-item'>\n\t\t\t<div class='gallery-icon portrait'>\n\t\t\t\t<a href='https:\/\/artnow.pwsztar.edu.pl\/index.php\/warsztaty-dawnych-technik-obrobki-drewna\/img_0616\/'><img width=\"150\" height=\"150\" src=\"https:\/\/artnow.pwsztar.edu.pl\/wp-content\/uploads\/2023\/04\/IMG_0616-150x150.jpg\" class=\"attachment-thumbnail size-thumbnail\" alt=\"\" decoding=\"async\" loading=\"lazy\" srcset=\"https:\/\/artnow.pwsztar.edu.pl\/wp-content\/uploads\/2023\/04\/IMG_0616-150x150.jpg 150w, https:\/\/artnow.pwsztar.edu.pl\/wp-content\/uploads\/2023\/04\/IMG_0616-100x100.jpg 100w\" sizes=\"100vw\" \/><\/a>\n\t\t\t<\/div><\/figure><figure class='gallery-item'>\n\t\t\t<div class='gallery-icon landscape'>\n\t\t\t\t<a href='https:\/\/artnow.pwsztar.edu.pl\/index.php\/warsztaty-dawnych-technik-obrobki-drewna\/img_0624\/'><img width=\"150\" height=\"150\" src=\"https:\/\/artnow.pwsztar.edu.pl\/wp-content\/uploads\/2023\/04\/IMG_0624-150x150.jpg\" class=\"attachment-thumbnail size-thumbnail\" alt=\"\" decoding=\"async\" loading=\"lazy\" srcset=\"https:\/\/artnow.pwsztar.edu.pl\/wp-content\/uploads\/2023\/04\/IMG_0624-150x150.jpg 150w, https:\/\/artnow.pwsztar.edu.pl\/wp-content\/uploads\/2023\/04\/IMG_0624-100x100.jpg 100w\" sizes=\"100vw\" \/><\/a>\n\t\t\t<\/div><\/figure><figure class='gallery-item'>\n\t\t\t<div class='gallery-icon landscape'>\n\t\t\t\t<a href='https:\/\/artnow.pwsztar.edu.pl\/index.php\/warsztaty-dawnych-technik-obrobki-drewna\/img_0629\/'><img width=\"150\" height=\"150\" src=\"https:\/\/artnow.pwsztar.edu.pl\/wp-content\/uploads\/2023\/04\/IMG_0629-150x150.jpg\" class=\"attachment-thumbnail size-thumbnail\" alt=\"\" decoding=\"async\" loading=\"lazy\" srcset=\"https:\/\/artnow.pwsztar.edu.pl\/wp-content\/uploads\/2023\/04\/IMG_0629-150x150.jpg 150w, https:\/\/artnow.pwsztar.edu.pl\/wp-content\/uploads\/2023\/04\/IMG_0629-100x100.jpg 100w\" sizes=\"100vw\" \/><\/a>\n\t\t\t<\/div><\/figure><figure class='gallery-item'>\n\t\t\t<div class='gallery-icon landscape'>\n\t\t\t\t<a href='https:\/\/artnow.pwsztar.edu.pl\/index.php\/warsztaty-dawnych-technik-obrobki-drewna\/img_0628\/'><img width=\"150\" height=\"150\" src=\"https:\/\/artnow.pwsztar.edu.pl\/wp-content\/uploads\/2023\/04\/IMG_0628-150x150.jpg\" class=\"attachment-thumbnail size-thumbnail\" alt=\"\" decoding=\"async\" loading=\"lazy\" srcset=\"https:\/\/artnow.pwsztar.edu.pl\/wp-content\/uploads\/2023\/04\/IMG_0628-150x150.jpg 150w, https:\/\/artnow.pwsztar.edu.pl\/wp-content\/uploads\/2023\/04\/IMG_0628-100x100.jpg 100w\" sizes=\"100vw\" \/><\/a>\n\t\t\t<\/div><\/figure>\n\t\t<\/div>\n\n<p><em>Autorzy zdj\u0119\u0107: Aleksandra Kajpust, Ewa Serafi\u0144ska, Stanis\u0142aw Chmiel<\/em><\/p>\n","protected":false},"excerpt":{"rendered":"<p>Warsztaty dawnych technik obr\u00f3bki drewna &#8211; Arboretum i Zak\u0142ad Fizjografii w Bolestraszycach 24-26 czerwca 2022 Wykonanie przedmiot\u00f3w u\u017cytkowych; rozwijanie umiej\u0119tno\u015bci manualnych w pos\u0142ugiwaniu si\u0119 narz\u0119dziami do obr\u00f3bki r\u0119cznej drewna. W czasie 3-dniowych warsztat\u00f3w mieli\u015bmy okazj\u0119 pozna\u0107 najr\u00f3\u017cniejsze narz\u0119dzia do obr\u00f3bki drewna. W\u0142asnor\u0119cznie wykonali\u015bmy zar\u00f3wno obiekty ma\u0142ej architektury typu siedzisko, jak i obiekty u\u017cytkowe &#8211; drewniane &hellip; <\/p>\n<p class=\"link-more\"><a href=\"https:\/\/artnow.pwsztar.edu.pl\/index.php\/warsztaty-dawnych-technik-obrobki-drewna\/\" class=\"more-link\">Czytaj dalej<span class=\"screen-reader-text\"> \u201eWarsztaty dawnych technik obr\u00f3bki drewna (Bolestraszyce 2022)\u201d<\/span><\/a><\/p>\n","protected":false},"author":3,"featured_media":0,"parent":0,"menu_order":0,"comment_status":"closed","ping_status":"closed","template":"","meta":[],"_links":{"self":[{"href":"https:\/\/artnow.pwsztar.edu.pl\/index.php\/wp-json\/wp\/v2\/pages\/116"}],"collection":[{"href":"https:\/\/artnow.pwsztar.edu.pl\/index.php\/wp-json\/wp\/v2\/pages"}],"about":[{"href":"https:\/\/artnow.pwsztar.edu.pl\/index.php\/wp-json\/wp\/v2\/types\/page"}],"author":[{"embeddable":true,"href":"https:\/\/artnow.pwsztar.edu.pl\/index.php\/wp-json\/wp\/v2\/users\/3"}],"replies":[{"embeddable":true,"href":"https:\/\/artnow.pwsztar.edu.pl\/index.php\/wp-json\/wp\/v2\/comments?post=116"}],"version-history":[{"count":4,"href":"https:\/\/artnow.pwsztar.edu.pl\/index.php\/wp-json\/wp\/v2\/pages\/116\/revisions"}],"predecessor-version":[{"id":166,"href":"https:\/\/artnow.pwsztar.edu.pl\/index.php\/wp-json\/wp\/v2\/pages\/116\/revisions\/166"}],"wp:attachment":[{"href":"https:\/\/artnow.pwsztar.edu.pl\/index.php\/wp-json\/wp\/v2\/media?parent=116"}],"curies":[{"name":"wp","href":"https:\/\/api.w.org\/{rel}","templated":true}]}}